{"id":699,"date":"2017-10-22T11:37:32","date_gmt":"2017-10-22T09:37:32","guid":{"rendered":"https:\/\/xn--wanderbhne-geb.ch\/wordpress\/?page_id=699"},"modified":"2022-12-07T18:42:42","modified_gmt":"2022-12-07T16:42:42","slug":"sponsoren","status":"publish","type":"page","link":"https:\/\/wanderbuehne.ch\/?page_id=699","title":{"rendered":"Sponsoren"},"content":{"rendered":"<p>Der Kulturklub Wanderb\u00fchne Egnach finanziert sich haupts\u00e4chlich durch G\u00f6nnerbeitr\u00e4ge, Sponsoring von Privatpersonen und Firmen, Zusch\u00fcssen von gemeinn\u00fctzigen Organisationen und dem Verkauf von Eintrittskarten.<\/p>\n<p>Als Sponsor gilt, wer den Kulturklub bei einem Anlass finanziell und\/oder materiell unterst\u00fctzt. Sponsoren werden namentlich auf einer Sponsorenliste beim jeweiligen Anlass aufgef\u00fchrt und erhalten zwei kostenlose Eintritte zum gesponserten Anlass.<\/p>\n<h3><a href=\"https:\/\/wanderbuehne.ch\/?page_id=357\"><strong>ich m\u00f6chte Sponsor werden<\/strong><\/a><\/h3>\n<p><strong>Wir danken unseren Sponsoren f\u00fcr Ihre wertvolle Unterst\u00fctzung:<\/strong><\/p>\n<blockquote><p><a href=\"http:\/\/www.blumengschwend.ch\/\" target=\"_blank\" rel=\"noopener\">Blumen Gschwend, Neukirch<\/a><br \/>\n<a href=\"https:\/\/bodenseebraeu.ch\" target=\"_blank\" rel=\"noopener\">Bodenseebr\u00e4u, Egnach<\/a><br \/>\n<a href=\"https:\/\/www.bressanbaut.ch\" target=\"_blank\" rel=\"noopener\">Bressan Baut, Arbon<\/a><br \/>\n<a href=\"http:\/\/elektrograf.ch\" target=\"_blank\" rel=\"noopener\">Elektro Graf, Romanshorn<\/a><br \/>\n<a href=\"http:\/\/www.seelust.ch\/\" target=\"_blank\" rel=\"noopener\">Landgasthof Seelust, Egnach<\/a><br \/>\n<a href=\"https:\/\/www.raiffeisen.ch\/neukirch-romanshorn\/de.html\" target=\"_blank\" rel=\"noopener\">Raiffeisenbank Neukirch-Romanshorn<\/a><br \/>\n<a href=\"http:\/\/www.swiss-soft.ch\/\" target=\"_blank\" rel=\"noopener\">Swiss-Soft Solutions GmbH, St. Gallen<\/a><\/p><\/blockquote>\n<h3><\/h3>\n<h3><\/h3>\n","protected":false},"excerpt":{"rendered":"<p>Der Kulturklub Wanderb\u00fchne Egnach finanziert sich haupts\u00e4chlich durch G\u00f6nnerbeitr\u00e4ge, Sponsoring von Privatpersonen und Firmen, Zusch\u00fcssen von gemeinn\u00fctzigen Organisationen und dem Verkauf von Eintrittskarten. Als Sponsor gilt, wer den Kulturklub bei einem Anlass finanziell und\/oder materiell unterst\u00fctzt. Sponsoren werden namentlich auf einer Sponsorenliste beim jeweiligen Anlass aufgef\u00fchrt und erhalten zwei kostenlose Eintritte zum gesponserten Anlass. ich&#8230;<\/p>\n<p class=\"more-link\"><a href=\"https:\/\/wanderbuehne.ch\/?page_id=699\" class=\"\"><span>Read More<\/span><i>&#43;<\/i><\/a><\/p>\n","protected":false},"author":1,"featured_media":0,"parent":0,"menu_order":0,"comment_status":"closed","ping_status":"closed","template":"","meta":[],"categories":[],"tags":[],"_links":{"self":[{"href":"https:\/\/wanderbuehne.ch\/index.php?rest_route=\/wp\/v2\/pages\/699"}],"collection":[{"href":"https:\/\/wanderbuehne.ch\/index.php?rest_route=\/wp\/v2\/pages"}],"about":[{"href":"https:\/\/wanderbuehne.ch\/index.php?rest_route=\/wp\/v2\/types\/page"}],"author":[{"embeddable":true,"href":"https:\/\/wanderbuehne.ch\/index.php?rest_route=\/wp\/v2\/users\/1"}],"replies":[{"embeddable":true,"href":"https:\/\/wanderbuehne.ch\/index.php?rest_route=%2Fwp%2Fv2%2Fcomments&post=699"}],"version-history":[{"count":16,"href":"https:\/\/wanderbuehne.ch\/index.php?rest_route=\/wp\/v2\/pages\/699\/revisions"}],"predecessor-version":[{"id":2994,"href":"https:\/\/wanderbuehne.ch\/index.php?rest_route=\/wp\/v2\/pages\/699\/revisions\/2994"}],"wp:attachment":[{"href":"https:\/\/wanderbuehne.ch\/index.php?rest_route=%2Fwp%2Fv2%2Fmedia&parent=699"}],"wp:term":[{"taxonomy":"category","embeddable":true,"href":"https:\/\/wanderbuehne.ch\/index.php?rest_route=%2Fwp%2Fv2%2Fcategories&post=699"},{"taxonomy":"post_tag","embeddable":true,"href":"https:\/\/wanderbuehne.ch\/index.php?rest_route=%2Fwp%2Fv2%2Ftags&post=699"}],"curies":[{"name":"wp","href":"https:\/\/api.w.org\/{rel}","templated":true}]}}