{"id":5033,"date":"2025-11-12T13:19:37","date_gmt":"2025-11-12T11:19:37","guid":{"rendered":"https:\/\/wanderbuehne.ch\/?page_id=5033"},"modified":"2025-11-12T13:45:43","modified_gmt":"2025-11-12T11:45:43","slug":"durchlaessig-in-der-zigerlihuette","status":"publish","type":"page","link":"https:\/\/wanderbuehne.ch\/?page_id=5033","title":{"rendered":"\u00abDURCHL\u00c4SSIG\u00bb Licht- und Soundinstallation"},"content":{"rendered":"\n<p><strong>Mit rund 110 Besuchern ist am Freitag, 31. Oktober, mit der Vernissage die Veranstaltungsreihe \u00abDURCHL\u00c4SSIG\u00bb des K\u00fcnstlerduos Urs Burger und Norbert M\u00f6slang eindrucksvoll in der Zigerlih\u00fctte Egnach er\u00f6ffnet worden.<\/strong><\/p>\n\n\n\n<p>Die historische Bauweise des Geb\u00e4udes, einst landwirtschaftlich genutzt und heute ein aussergew\u00f6hnlicher Kulturort, bot den idealen Rahmen f\u00fcr eine Installation, die Licht, Klang und Architektur vereint. <br>Abends erstrahlt das Geb\u00e4ude in sattem Gr\u00fcn: 160 Meter handgefertigte Neonr\u00f6hren lassen das Licht durch Spalten und Ritzen der durchl\u00e4ssigen Bauweise nach aussen dringen, sodass die H\u00fctte geheimnisvoll in die Landschaft leuchtet und bereits von Weitem sichtbar ist. Im Innern sorgt die Klanginstallation daf\u00fcr, dass Besucher nicht nur sehen, sondern auch h\u00f6ren und sp\u00fcren k\u00f6nnen: feine Schwingungen, verst\u00e4rkte Ger\u00e4usche der Transformatoren und charakteristisches Knistern machen den Raum selbst zum Instrument.<\/p>\n\n\n\n<p>Roland W\u00e4spe, ehemaliger Direktor des Kunstmuseums St. Gallen, er\u00f6ffnete den Abend mit einf\u00fchrenden Worten, w\u00e4hrend Herr und Frau Helfenberger die G\u00e4ste mit einem feinen Risotto verw\u00f6hnten.<\/p>\n\n\n\n<figure class=\"wp-block-gallery columns-4 is-cropped\"><ul class=\"blocks-gallery-grid\"><li class=\"blocks-gallery-item\"><figure><a href=\"https:\/\/wanderbuehne.ch\/wp-content\/uploads\/2025\/11\/Durchlaessig-3.jpg\"><img loading=\"lazy\" width=\"150\" height=\"150\" src=\"https:\/\/wanderbuehne.ch\/wp-content\/uploads\/2025\/11\/Durchlaessig-3-150x150.jpg\" alt=\"\" data-id=\"5014\" data-full-url=\"https:\/\/wanderbuehne.ch\/wp-content\/uploads\/2025\/11\/Durchlaessig-3.jpg\" data-link=\"https:\/\/wanderbuehne.ch\/?attachment_id=5014\" class=\"wp-image-5014\" srcset=\"https:\/\/wanderbuehne.ch\/wp-content\/uploads\/2025\/11\/Durchlaessig-3-150x150.jpg 150w, https:\/\/wanderbuehne.ch\/wp-content\/uploads\/2025\/11\/Durchlaessig-3-570x570.jpg 570w, https:\/\/wanderbuehne.ch\/wp-content\/uploads\/2025\/11\/Durchlaessig-3-380x380.jpg 380w, https:\/\/wanderbuehne.ch\/wp-content\/uploads\/2025\/11\/Durchlaessig-3-285x285.jpg 285w\" sizes=\"(max-width: 150px) 100vw, 150px\" \/><\/a><\/figure><\/li><li class=\"blocks-gallery-item\"><figure><a href=\"https:\/\/wanderbuehne.ch\/wp-content\/uploads\/2025\/11\/Durchlaessig-4-scaled.jpg\"><img loading=\"lazy\" width=\"150\" height=\"150\" src=\"https:\/\/wanderbuehne.ch\/wp-content\/uploads\/2025\/11\/Durchlaessig-4-150x150.jpg\" alt=\"\" data-id=\"5015\" data-full-url=\"https:\/\/wanderbuehne.ch\/wp-content\/uploads\/2025\/11\/Durchlaessig-4-scaled.jpg\" data-link=\"https:\/\/wanderbuehne.ch\/?attachment_id=5015\" class=\"wp-image-5015\" srcset=\"https:\/\/wanderbuehne.ch\/wp-content\/uploads\/2025\/11\/Durchlaessig-4-150x150.jpg 150w, https:\/\/wanderbuehne.ch\/wp-content\/uploads\/2025\/11\/Durchlaessig-4-570x570.jpg 570w, https:\/\/wanderbuehne.ch\/wp-content\/uploads\/2025\/11\/Durchlaessig-4-380x380.jpg 380w, https:\/\/wanderbuehne.ch\/wp-content\/uploads\/2025\/11\/Durchlaessig-4-285x285.jpg 285w\" sizes=\"(max-width: 150px) 100vw, 150px\" \/><\/a><\/figure><\/li><li class=\"blocks-gallery-item\"><figure><a href=\"https:\/\/wanderbuehne.ch\/wp-content\/uploads\/2025\/11\/Durchlaessig-11-scaled.jpg\"><img loading=\"lazy\" width=\"150\" height=\"150\" src=\"https:\/\/wanderbuehne.ch\/wp-content\/uploads\/2025\/11\/Durchlaessig-11-150x150.jpg\" alt=\"\" data-id=\"5016\" data-full-url=\"https:\/\/wanderbuehne.ch\/wp-content\/uploads\/2025\/11\/Durchlaessig-11-scaled.jpg\" data-link=\"https:\/\/wanderbuehne.ch\/?attachment_id=5016\" class=\"wp-image-5016\" srcset=\"https:\/\/wanderbuehne.ch\/wp-content\/uploads\/2025\/11\/Durchlaessig-11-150x150.jpg 150w, https:\/\/wanderbuehne.ch\/wp-content\/uploads\/2025\/11\/Durchlaessig-11-570x570.jpg 570w, https:\/\/wanderbuehne.ch\/wp-content\/uploads\/2025\/11\/Durchlaessig-11-380x380.jpg 380w, https:\/\/wanderbuehne.ch\/wp-content\/uploads\/2025\/11\/Durchlaessig-11-285x285.jpg 285w\" sizes=\"(max-width: 150px) 100vw, 150px\" \/><\/a><\/figure><\/li><li class=\"blocks-gallery-item\"><figure><a href=\"https:\/\/wanderbuehne.ch\/wp-content\/uploads\/2025\/11\/Durchlaessig-12-scaled.jpg\"><img loading=\"lazy\" width=\"150\" height=\"150\" src=\"https:\/\/wanderbuehne.ch\/wp-content\/uploads\/2025\/11\/Durchlaessig-12-150x150.jpg\" alt=\"\" data-id=\"5017\" data-full-url=\"https:\/\/wanderbuehne.ch\/wp-content\/uploads\/2025\/11\/Durchlaessig-12-scaled.jpg\" data-link=\"https:\/\/wanderbuehne.ch\/?attachment_id=5017\" class=\"wp-image-5017\" srcset=\"https:\/\/wanderbuehne.ch\/wp-content\/uploads\/2025\/11\/Durchlaessig-12-150x150.jpg 150w, https:\/\/wanderbuehne.ch\/wp-content\/uploads\/2025\/11\/Durchlaessig-12-570x570.jpg 570w, https:\/\/wanderbuehne.ch\/wp-content\/uploads\/2025\/11\/Durchlaessig-12-380x380.jpg 380w, https:\/\/wanderbuehne.ch\/wp-content\/uploads\/2025\/11\/Durchlaessig-12-285x285.jpg 285w\" sizes=\"(max-width: 150px) 100vw, 150px\" \/><\/a><\/figure><\/li><li class=\"blocks-gallery-item\"><figure><a href=\"https:\/\/wanderbuehne.ch\/wp-content\/uploads\/2025\/11\/Durchlaessig-14-scaled.jpg\"><img loading=\"lazy\" width=\"150\" height=\"150\" src=\"https:\/\/wanderbuehne.ch\/wp-content\/uploads\/2025\/11\/Durchlaessig-14-150x150.jpg\" alt=\"\" data-id=\"5018\" data-full-url=\"https:\/\/wanderbuehne.ch\/wp-content\/uploads\/2025\/11\/Durchlaessig-14-scaled.jpg\" data-link=\"https:\/\/wanderbuehne.ch\/?attachment_id=5018\" class=\"wp-image-5018\" srcset=\"https:\/\/wanderbuehne.ch\/wp-content\/uploads\/2025\/11\/Durchlaessig-14-150x150.jpg 150w, https:\/\/wanderbuehne.ch\/wp-content\/uploads\/2025\/11\/Durchlaessig-14-570x570.jpg 570w, https:\/\/wanderbuehne.ch\/wp-content\/uploads\/2025\/11\/Durchlaessig-14-380x380.jpg 380w, https:\/\/wanderbuehne.ch\/wp-content\/uploads\/2025\/11\/Durchlaessig-14-285x285.jpg 285w\" sizes=\"(max-width: 150px) 100vw, 150px\" \/><\/a><\/figure><\/li><li class=\"blocks-gallery-item\"><figure><a href=\"https:\/\/wanderbuehne.ch\/wp-content\/uploads\/2025\/11\/Durchlaessig-15-scaled.jpg\"><img loading=\"lazy\" width=\"150\" height=\"150\" src=\"https:\/\/wanderbuehne.ch\/wp-content\/uploads\/2025\/11\/Durchlaessig-15-150x150.jpg\" alt=\"\" data-id=\"5019\" data-full-url=\"https:\/\/wanderbuehne.ch\/wp-content\/uploads\/2025\/11\/Durchlaessig-15-scaled.jpg\" data-link=\"https:\/\/wanderbuehne.ch\/?attachment_id=5019\" class=\"wp-image-5019\" srcset=\"https:\/\/wanderbuehne.ch\/wp-content\/uploads\/2025\/11\/Durchlaessig-15-150x150.jpg 150w, https:\/\/wanderbuehne.ch\/wp-content\/uploads\/2025\/11\/Durchlaessig-15-570x570.jpg 570w, https:\/\/wanderbuehne.ch\/wp-content\/uploads\/2025\/11\/Durchlaessig-15-380x380.jpg 380w, https:\/\/wanderbuehne.ch\/wp-content\/uploads\/2025\/11\/Durchlaessig-15-285x285.jpg 285w\" sizes=\"(max-width: 150px) 100vw, 150px\" \/><\/a><\/figure><\/li><li class=\"blocks-gallery-item\"><figure><a href=\"https:\/\/wanderbuehne.ch\/wp-content\/uploads\/2025\/11\/Durchlaessig-16-scaled.jpg\"><img loading=\"lazy\" width=\"150\" height=\"150\" src=\"https:\/\/wanderbuehne.ch\/wp-content\/uploads\/2025\/11\/Durchlaessig-16-150x150.jpg\" alt=\"\" data-id=\"5020\" data-full-url=\"https:\/\/wanderbuehne.ch\/wp-content\/uploads\/2025\/11\/Durchlaessig-16-scaled.jpg\" data-link=\"https:\/\/wanderbuehne.ch\/?attachment_id=5020\" class=\"wp-image-5020\" srcset=\"https:\/\/wanderbuehne.ch\/wp-content\/uploads\/2025\/11\/Durchlaessig-16-150x150.jpg 150w, https:\/\/wanderbuehne.ch\/wp-content\/uploads\/2025\/11\/Durchlaessig-16-570x570.jpg 570w, https:\/\/wanderbuehne.ch\/wp-content\/uploads\/2025\/11\/Durchlaessig-16-380x380.jpg 380w, https:\/\/wanderbuehne.ch\/wp-content\/uploads\/2025\/11\/Durchlaessig-16-285x285.jpg 285w\" sizes=\"(max-width: 150px) 100vw, 150px\" \/><\/a><\/figure><\/li><li class=\"blocks-gallery-item\"><figure><a href=\"https:\/\/wanderbuehne.ch\/wp-content\/uploads\/2025\/11\/Durchlaessig-17-scaled.jpg\"><img loading=\"lazy\" width=\"150\" height=\"150\" src=\"https:\/\/wanderbuehne.ch\/wp-content\/uploads\/2025\/11\/Durchlaessig-17-150x150.jpg\" alt=\"\" data-id=\"5021\" data-full-url=\"https:\/\/wanderbuehne.ch\/wp-content\/uploads\/2025\/11\/Durchlaessig-17-scaled.jpg\" data-link=\"https:\/\/wanderbuehne.ch\/?attachment_id=5021\" class=\"wp-image-5021\" srcset=\"https:\/\/wanderbuehne.ch\/wp-content\/uploads\/2025\/11\/Durchlaessig-17-150x150.jpg 150w, https:\/\/wanderbuehne.ch\/wp-content\/uploads\/2025\/11\/Durchlaessig-17-570x570.jpg 570w, https:\/\/wanderbuehne.ch\/wp-content\/uploads\/2025\/11\/Durchlaessig-17-380x380.jpg 380w, https:\/\/wanderbuehne.ch\/wp-content\/uploads\/2025\/11\/Durchlaessig-17-285x285.jpg 285w\" sizes=\"(max-width: 150px) 100vw, 150px\" \/><\/a><\/figure><\/li><li class=\"blocks-gallery-item\"><figure><a href=\"https:\/\/wanderbuehne.ch\/wp-content\/uploads\/2025\/11\/Durchlaessig-19-scaled.jpg\"><img loading=\"lazy\" width=\"150\" height=\"150\" src=\"https:\/\/wanderbuehne.ch\/wp-content\/uploads\/2025\/11\/Durchlaessig-19-150x150.jpg\" alt=\"\" data-id=\"5022\" data-full-url=\"https:\/\/wanderbuehne.ch\/wp-content\/uploads\/2025\/11\/Durchlaessig-19-scaled.jpg\" data-link=\"https:\/\/wanderbuehne.ch\/?attachment_id=5022\" class=\"wp-image-5022\" srcset=\"https:\/\/wanderbuehne.ch\/wp-content\/uploads\/2025\/11\/Durchlaessig-19-150x150.jpg 150w, https:\/\/wanderbuehne.ch\/wp-content\/uploads\/2025\/11\/Durchlaessig-19-570x570.jpg 570w, https:\/\/wanderbuehne.ch\/wp-content\/uploads\/2025\/11\/Durchlaessig-19-380x380.jpg 380w, https:\/\/wanderbuehne.ch\/wp-content\/uploads\/2025\/11\/Durchlaessig-19-285x285.jpg 285w\" sizes=\"(max-width: 150px) 100vw, 150px\" \/><\/a><\/figure><\/li><li class=\"blocks-gallery-item\"><figure><a href=\"https:\/\/wanderbuehne.ch\/wp-content\/uploads\/2025\/11\/Durchlaessig-20-scaled.jpg\"><img loading=\"lazy\" width=\"150\" height=\"150\" src=\"https:\/\/wanderbuehne.ch\/wp-content\/uploads\/2025\/11\/Durchlaessig-20-150x150.jpg\" alt=\"\" data-id=\"5023\" data-full-url=\"https:\/\/wanderbuehne.ch\/wp-content\/uploads\/2025\/11\/Durchlaessig-20-scaled.jpg\" data-link=\"https:\/\/wanderbuehne.ch\/?attachment_id=5023\" class=\"wp-image-5023\" srcset=\"https:\/\/wanderbuehne.ch\/wp-content\/uploads\/2025\/11\/Durchlaessig-20-150x150.jpg 150w, https:\/\/wanderbuehne.ch\/wp-content\/uploads\/2025\/11\/Durchlaessig-20-570x570.jpg 570w, https:\/\/wanderbuehne.ch\/wp-content\/uploads\/2025\/11\/Durchlaessig-20-380x380.jpg 380w, https:\/\/wanderbuehne.ch\/wp-content\/uploads\/2025\/11\/Durchlaessig-20-285x285.jpg 285w\" sizes=\"(max-width: 150px) 100vw, 150px\" \/><\/a><\/figure><\/li><li class=\"blocks-gallery-item\"><figure><a href=\"https:\/\/wanderbuehne.ch\/wp-content\/uploads\/2025\/11\/Durchlaessig-22-scaled.jpg\"><img loading=\"lazy\" width=\"150\" height=\"150\" src=\"https:\/\/wanderbuehne.ch\/wp-content\/uploads\/2025\/11\/Durchlaessig-22-150x150.jpg\" alt=\"\" data-id=\"5024\" data-full-url=\"https:\/\/wanderbuehne.ch\/wp-content\/uploads\/2025\/11\/Durchlaessig-22-scaled.jpg\" data-link=\"https:\/\/wanderbuehne.ch\/?attachment_id=5024\" class=\"wp-image-5024\" srcset=\"https:\/\/wanderbuehne.ch\/wp-content\/uploads\/2025\/11\/Durchlaessig-22-150x150.jpg 150w, https:\/\/wanderbuehne.ch\/wp-content\/uploads\/2025\/11\/Durchlaessig-22-570x570.jpg 570w, https:\/\/wanderbuehne.ch\/wp-content\/uploads\/2025\/11\/Durchlaessig-22-380x380.jpg 380w, https:\/\/wanderbuehne.ch\/wp-content\/uploads\/2025\/11\/Durchlaessig-22-285x285.jpg 285w\" sizes=\"(max-width: 150px) 100vw, 150px\" \/><\/a><\/figure><\/li><li class=\"blocks-gallery-item\"><figure><a href=\"https:\/\/wanderbuehne.ch\/wp-content\/uploads\/2025\/11\/Durchlaessig-23-scaled.jpg\"><img loading=\"lazy\" width=\"683\" height=\"1024\" src=\"https:\/\/wanderbuehne.ch\/wp-content\/uploads\/2025\/11\/Durchlaessig-23-683x1024.jpg\" alt=\"\" data-id=\"5025\" data-full-url=\"https:\/\/wanderbuehne.ch\/wp-content\/uploads\/2025\/11\/Durchlaessig-23-scaled.jpg\" data-link=\"https:\/\/wanderbuehne.ch\/?attachment_id=5025\" class=\"wp-image-5025\" srcset=\"https:\/\/wanderbuehne.ch\/wp-content\/uploads\/2025\/11\/Durchlaessig-23-683x1024.jpg 683w, https:\/\/wanderbuehne.ch\/wp-content\/uploads\/2025\/11\/Durchlaessig-23-200x300.jpg 200w, https:\/\/wanderbuehne.ch\/wp-content\/uploads\/2025\/11\/Durchlaessig-23-768x1152.jpg 768w, https:\/\/wanderbuehne.ch\/wp-content\/uploads\/2025\/11\/Durchlaessig-23-1024x1536.jpg 1024w, https:\/\/wanderbuehne.ch\/wp-content\/uploads\/2025\/11\/Durchlaessig-23-1365x2048.jpg 1365w, https:\/\/wanderbuehne.ch\/wp-content\/uploads\/2025\/11\/Durchlaessig-23-scaled.jpg 1707w\" sizes=\"(max-width: 683px) 100vw, 683px\" \/><\/a><\/figure><\/li><li class=\"blocks-gallery-item\"><figure><a href=\"https:\/\/wanderbuehne.ch\/wp-content\/uploads\/2025\/11\/Durchlaessig-24-scaled.jpg\"><img loading=\"lazy\" width=\"1024\" height=\"683\" src=\"https:\/\/wanderbuehne.ch\/wp-content\/uploads\/2025\/11\/Durchlaessig-24-1024x683.jpg\" alt=\"\" data-id=\"5026\" data-full-url=\"https:\/\/wanderbuehne.ch\/wp-content\/uploads\/2025\/11\/Durchlaessig-24-scaled.jpg\" data-link=\"https:\/\/wanderbuehne.ch\/?attachment_id=5026\" class=\"wp-image-5026\" srcset=\"https:\/\/wanderbuehne.ch\/wp-content\/uploads\/2025\/11\/Durchlaessig-24-1024x683.jpg 1024w, https:\/\/wanderbuehne.ch\/wp-content\/uploads\/2025\/11\/Durchlaessig-24-300x200.jpg 300w, https:\/\/wanderbuehne.ch\/wp-content\/uploads\/2025\/11\/Durchlaessig-24-768x512.jpg 768w, https:\/\/wanderbuehne.ch\/wp-content\/uploads\/2025\/11\/Durchlaessig-24-1536x1024.jpg 1536w, https:\/\/wanderbuehne.ch\/wp-content\/uploads\/2025\/11\/Durchlaessig-24-2048x1365.jpg 2048w, https:\/\/wanderbuehne.ch\/wp-content\/uploads\/2025\/11\/Durchlaessig-24-1140x760.jpg 1140w, https:\/\/wanderbuehne.ch\/wp-content\/uploads\/2025\/11\/Durchlaessig-24-570x380.jpg 570w, https:\/\/wanderbuehne.ch\/wp-content\/uploads\/2025\/11\/Durchlaessig-24-380x254.jpg 380w, https:\/\/wanderbuehne.ch\/wp-content\/uploads\/2025\/11\/Durchlaessig-24-285x190.jpg 285w\" sizes=\"(max-width: 1024px) 100vw, 1024px\" \/><\/a><\/figure><\/li><li class=\"blocks-gallery-item\"><figure><a href=\"https:\/\/wanderbuehne.ch\/wp-content\/uploads\/2025\/11\/Durchlaessig-26.jpg\"><img loading=\"lazy\" width=\"150\" height=\"150\" src=\"https:\/\/wanderbuehne.ch\/wp-content\/uploads\/2025\/11\/Durchlaessig-26-150x150.jpg\" alt=\"\" data-id=\"5027\" data-full-url=\"https:\/\/wanderbuehne.ch\/wp-content\/uploads\/2025\/11\/Durchlaessig-26.jpg\" data-link=\"https:\/\/wanderbuehne.ch\/?attachment_id=5027\" class=\"wp-image-5027\" srcset=\"https:\/\/wanderbuehne.ch\/wp-content\/uploads\/2025\/11\/Durchlaessig-26-150x150.jpg 150w, https:\/\/wanderbuehne.ch\/wp-content\/uploads\/2025\/11\/Durchlaessig-26-570x570.jpg 570w, https:\/\/wanderbuehne.ch\/wp-content\/uploads\/2025\/11\/Durchlaessig-26-380x380.jpg 380w, https:\/\/wanderbuehne.ch\/wp-content\/uploads\/2025\/11\/Durchlaessig-26-285x285.jpg 285w\" sizes=\"(max-width: 150px) 100vw, 150px\" \/><\/a><\/figure><\/li><li class=\"blocks-gallery-item\"><figure><a href=\"https:\/\/wanderbuehne.ch\/wp-content\/uploads\/2025\/11\/Durchlaessig-27-scaled.jpg\"><img loading=\"lazy\" width=\"1024\" height=\"683\" src=\"https:\/\/wanderbuehne.ch\/wp-content\/uploads\/2025\/11\/Durchlaessig-27-1024x683.jpg\" alt=\"\" data-id=\"5028\" data-full-url=\"https:\/\/wanderbuehne.ch\/wp-content\/uploads\/2025\/11\/Durchlaessig-27-scaled.jpg\" data-link=\"https:\/\/wanderbuehne.ch\/?attachment_id=5028\" class=\"wp-image-5028\" srcset=\"https:\/\/wanderbuehne.ch\/wp-content\/uploads\/2025\/11\/Durchlaessig-27-1024x683.jpg 1024w, https:\/\/wanderbuehne.ch\/wp-content\/uploads\/2025\/11\/Durchlaessig-27-300x200.jpg 300w, https:\/\/wanderbuehne.ch\/wp-content\/uploads\/2025\/11\/Durchlaessig-27-768x512.jpg 768w, https:\/\/wanderbuehne.ch\/wp-content\/uploads\/2025\/11\/Durchlaessig-27-1536x1024.jpg 1536w, https:\/\/wanderbuehne.ch\/wp-content\/uploads\/2025\/11\/Durchlaessig-27-2048x1366.jpg 2048w, https:\/\/wanderbuehne.ch\/wp-content\/uploads\/2025\/11\/Durchlaessig-27-1140x760.jpg 1140w, https:\/\/wanderbuehne.ch\/wp-content\/uploads\/2025\/11\/Durchlaessig-27-570x380.jpg 570w, https:\/\/wanderbuehne.ch\/wp-content\/uploads\/2025\/11\/Durchlaessig-27-380x254.jpg 380w, https:\/\/wanderbuehne.ch\/wp-content\/uploads\/2025\/11\/Durchlaessig-27-285x190.jpg 285w\" sizes=\"(max-width: 1024px) 100vw, 1024px\" \/><\/a><\/figure><\/li><li class=\"blocks-gallery-item\"><figure><a href=\"https:\/\/wanderbuehne.ch\/wp-content\/uploads\/2025\/11\/Durchlaessig-28-scaled.jpg\"><img loading=\"lazy\" width=\"1024\" height=\"683\" src=\"https:\/\/wanderbuehne.ch\/wp-content\/uploads\/2025\/11\/Durchlaessig-28-1024x683.jpg\" alt=\"\" data-id=\"5029\" data-full-url=\"https:\/\/wanderbuehne.ch\/wp-content\/uploads\/2025\/11\/Durchlaessig-28-scaled.jpg\" data-link=\"https:\/\/wanderbuehne.ch\/?attachment_id=5029\" class=\"wp-image-5029\" srcset=\"https:\/\/wanderbuehne.ch\/wp-content\/uploads\/2025\/11\/Durchlaessig-28-1024x683.jpg 1024w, https:\/\/wanderbuehne.ch\/wp-content\/uploads\/2025\/11\/Durchlaessig-28-300x200.jpg 300w, https:\/\/wanderbuehne.ch\/wp-content\/uploads\/2025\/11\/Durchlaessig-28-768x512.jpg 768w, https:\/\/wanderbuehne.ch\/wp-content\/uploads\/2025\/11\/Durchlaessig-28-1536x1024.jpg 1536w, https:\/\/wanderbuehne.ch\/wp-content\/uploads\/2025\/11\/Durchlaessig-28-2048x1365.jpg 2048w, https:\/\/wanderbuehne.ch\/wp-content\/uploads\/2025\/11\/Durchlaessig-28-1140x760.jpg 1140w, https:\/\/wanderbuehne.ch\/wp-content\/uploads\/2025\/11\/Durchlaessig-28-570x380.jpg 570w, https:\/\/wanderbuehne.ch\/wp-content\/uploads\/2025\/11\/Durchlaessig-28-380x254.jpg 380w, https:\/\/wanderbuehne.ch\/wp-content\/uploads\/2025\/11\/Durchlaessig-28-285x190.jpg 285w\" sizes=\"(max-width: 1024px) 100vw, 1024px\" \/><\/a><\/figure><\/li><li class=\"blocks-gallery-item\"><figure><a href=\"https:\/\/wanderbuehne.ch\/wp-content\/uploads\/2025\/11\/Durchlaessig-30-scaled.jpg\"><img loading=\"lazy\" width=\"150\" height=\"150\" src=\"https:\/\/wanderbuehne.ch\/wp-content\/uploads\/2025\/11\/Durchlaessig-30-150x150.jpg\" alt=\"\" data-id=\"5030\" data-full-url=\"https:\/\/wanderbuehne.ch\/wp-content\/uploads\/2025\/11\/Durchlaessig-30-scaled.jpg\" data-link=\"https:\/\/wanderbuehne.ch\/?attachment_id=5030\" class=\"wp-image-5030\" srcset=\"https:\/\/wanderbuehne.ch\/wp-content\/uploads\/2025\/11\/Durchlaessig-30-150x150.jpg 150w, https:\/\/wanderbuehne.ch\/wp-content\/uploads\/2025\/11\/Durchlaessig-30-570x570.jpg 570w, https:\/\/wanderbuehne.ch\/wp-content\/uploads\/2025\/11\/Durchlaessig-30-380x380.jpg 380w, https:\/\/wanderbuehne.ch\/wp-content\/uploads\/2025\/11\/Durchlaessig-30-285x285.jpg 285w\" sizes=\"(max-width: 150px) 100vw, 150px\" \/><\/a><\/figure><\/li><li class=\"blocks-gallery-item\"><figure><a href=\"https:\/\/wanderbuehne.ch\/wp-content\/uploads\/2025\/11\/Durchlaessig-33-scaled.jpg\"><img loading=\"lazy\" width=\"1024\" height=\"683\" src=\"https:\/\/wanderbuehne.ch\/wp-content\/uploads\/2025\/11\/Durchlaessig-33-1024x683.jpg\" alt=\"\" data-id=\"5031\" data-full-url=\"https:\/\/wanderbuehne.ch\/wp-content\/uploads\/2025\/11\/Durchlaessig-33-scaled.jpg\" data-link=\"https:\/\/wanderbuehne.ch\/?attachment_id=5031\" class=\"wp-image-5031\" srcset=\"https:\/\/wanderbuehne.ch\/wp-content\/uploads\/2025\/11\/Durchlaessig-33-1024x683.jpg 1024w, https:\/\/wanderbuehne.ch\/wp-content\/uploads\/2025\/11\/Durchlaessig-33-300x200.jpg 300w, https:\/\/wanderbuehne.ch\/wp-content\/uploads\/2025\/11\/Durchlaessig-33-768x512.jpg 768w, https:\/\/wanderbuehne.ch\/wp-content\/uploads\/2025\/11\/Durchlaessig-33-1536x1024.jpg 1536w, https:\/\/wanderbuehne.ch\/wp-content\/uploads\/2025\/11\/Durchlaessig-33-2048x1365.jpg 2048w, https:\/\/wanderbuehne.ch\/wp-content\/uploads\/2025\/11\/Durchlaessig-33-1140x760.jpg 1140w, https:\/\/wanderbuehne.ch\/wp-content\/uploads\/2025\/11\/Durchlaessig-33-570x380.jpg 570w, https:\/\/wanderbuehne.ch\/wp-content\/uploads\/2025\/11\/Durchlaessig-33-380x254.jpg 380w, https:\/\/wanderbuehne.ch\/wp-content\/uploads\/2025\/11\/Durchlaessig-33-285x190.jpg 285w\" sizes=\"(max-width: 1024px) 100vw, 1024px\" \/><\/a><\/figure><\/li><li class=\"blocks-gallery-item\"><figure><a href=\"https:\/\/wanderbuehne.ch\/wp-content\/uploads\/2025\/11\/Durchlaessig-34.jpg\"><img loading=\"lazy\" width=\"150\" height=\"150\" src=\"https:\/\/wanderbuehne.ch\/wp-content\/uploads\/2025\/11\/Durchlaessig-34-150x150.jpg\" alt=\"\" data-id=\"5032\" data-full-url=\"https:\/\/wanderbuehne.ch\/wp-content\/uploads\/2025\/11\/Durchlaessig-34.jpg\" data-link=\"https:\/\/wanderbuehne.ch\/?attachment_id=5032\" class=\"wp-image-5032\" srcset=\"https:\/\/wanderbuehne.ch\/wp-content\/uploads\/2025\/11\/Durchlaessig-34-150x150.jpg 150w, https:\/\/wanderbuehne.ch\/wp-content\/uploads\/2025\/11\/Durchlaessig-34-570x570.jpg 570w, https:\/\/wanderbuehne.ch\/wp-content\/uploads\/2025\/11\/Durchlaessig-34-380x380.jpg 380w, https:\/\/wanderbuehne.ch\/wp-content\/uploads\/2025\/11\/Durchlaessig-34-285x285.jpg 285w\" sizes=\"(max-width: 150px) 100vw, 150px\" \/><\/a><\/figure><\/li><\/ul><figcaption class=\"blocks-gallery-caption\">Vernissage vom 31. Oktober 2025 \/ Fotos: Alfi Bissegger<\/figcaption><\/figure>\n","protected":false},"excerpt":{"rendered":"<p>Mit rund 110 Besuchern ist am Freitag, 31. Oktober, mit der Vernissage die Veranstaltungsreihe \u00abDURCHL\u00c4SSIG\u00bb des K\u00fcnstlerduos Urs Burger und Norbert M\u00f6slang eindrucksvoll in der Zigerlih\u00fctte Egnach er\u00f6ffnet worden. Die historische Bauweise des Geb\u00e4udes, einst landwirtschaftlich genutzt und heute ein aussergew\u00f6hnlicher Kulturort, bot den idealen Rahmen f\u00fcr eine Installation, die Licht, Klang und Architektur vereint.&#8230;<\/p>\n<p class=\"more-link\"><a href=\"https:\/\/wanderbuehne.ch\/?page_id=5033\" class=\"\"><span>Read More<\/span><i>&#43;<\/i><\/a><\/p>\n","protected":false},"author":2,"featured_media":0,"parent":0,"menu_order":0,"comment_status":"closed","ping_status":"closed","template":"","meta":[],"categories":[],"tags":[],"_links":{"self":[{"href":"https:\/\/wanderbuehne.ch\/index.php?rest_route=\/wp\/v2\/pages\/5033"}],"collection":[{"href":"https:\/\/wanderbuehne.ch\/index.php?rest_route=\/wp\/v2\/pages"}],"about":[{"href":"https:\/\/wanderbuehne.ch\/index.php?rest_route=\/wp\/v2\/types\/page"}],"author":[{"embeddable":true,"href":"https:\/\/wanderbuehne.ch\/index.php?rest_route=\/wp\/v2\/users\/2"}],"replies":[{"embeddable":true,"href":"https:\/\/wanderbuehne.ch\/index.php?rest_route=%2Fwp%2Fv2%2Fcomments&post=5033"}],"version-history":[{"count":6,"href":"https:\/\/wanderbuehne.ch\/index.php?rest_route=\/wp\/v2\/pages\/5033\/revisions"}],"predecessor-version":[{"id":5046,"href":"https:\/\/wanderbuehne.ch\/index.php?rest_route=\/wp\/v2\/pages\/5033\/revisions\/5046"}],"wp:attachment":[{"href":"https:\/\/wanderbuehne.ch\/index.php?rest_route=%2Fwp%2Fv2%2Fmedia&parent=5033"}],"wp:term":[{"taxonomy":"category","embeddable":true,"href":"https:\/\/wanderbuehne.ch\/index.php?rest_route=%2Fwp%2Fv2%2Fcategories&post=5033"},{"taxonomy":"post_tag","embeddable":true,"href":"https:\/\/wanderbuehne.ch\/index.php?rest_route=%2Fwp%2Fv2%2Ftags&post=5033"}],"curies":[{"name":"wp","href":"https:\/\/api.w.org\/{rel}","templated":true}]}}