{"id":4599,"date":"2025-03-04T12:35:46","date_gmt":"2025-03-04T10:35:46","guid":{"rendered":"https:\/\/wanderbuehne.ch\/?page_id=4599"},"modified":"2025-11-12T13:44:11","modified_gmt":"2025-11-12T11:44:11","slug":"urs-burger-norbert-moeslang-wanderbuehne-ch","status":"publish","type":"page","link":"https:\/\/wanderbuehne.ch\/?page_id=4599","title":{"rendered":"Urs Burger &#038; Norbert M\u00f6slang @wanderbuehne.ch"},"content":{"rendered":"\n<figure class=\"wp-block-image size-large\"><img loading=\"lazy\" width=\"1024\" height=\"768\" src=\"https:\/\/wanderbuehne.ch\/wp-content\/uploads\/2025\/11\/Durchlaessig_Zigerlihuette_open-doors-1-1024x768.png\" alt=\"\" class=\"wp-image-5009\" srcset=\"https:\/\/wanderbuehne.ch\/wp-content\/uploads\/2025\/11\/Durchlaessig_Zigerlihuette_open-doors-1-1024x768.png 1024w, https:\/\/wanderbuehne.ch\/wp-content\/uploads\/2025\/11\/Durchlaessig_Zigerlihuette_open-doors-1-300x225.png 300w, https:\/\/wanderbuehne.ch\/wp-content\/uploads\/2025\/11\/Durchlaessig_Zigerlihuette_open-doors-1-768x576.png 768w, https:\/\/wanderbuehne.ch\/wp-content\/uploads\/2025\/11\/Durchlaessig_Zigerlihuette_open-doors-1-1536x1152.png 1536w, https:\/\/wanderbuehne.ch\/wp-content\/uploads\/2025\/11\/Durchlaessig_Zigerlihuette_open-doors-1-380x285.png 380w, https:\/\/wanderbuehne.ch\/wp-content\/uploads\/2025\/11\/Durchlaessig_Zigerlihuette_open-doors-1-285x214.png 285w, https:\/\/wanderbuehne.ch\/wp-content\/uploads\/2025\/11\/Durchlaessig_Zigerlihuette_open-doors-1.png 2048w\" sizes=\"(max-width: 1024px) 100vw, 1024px\" \/><\/figure>\n\n\n\n<p><strong>Kunstausstellung: 31. Oktober &#8211; 30. November 2025, Zigerlih\u00fctte in 9322 Egnach<\/strong><br><br>Wir freuen uns sehr, Euch zu unserer n\u00e4chsten Veranstaltung einzuladen<br><br>Unter dem Motto <strong>\u00abDURCHL\u00c4SSIG\u00bb<\/strong> zeigen&nbsp;<strong>Urs Burger <\/strong>und<strong> Norbert M\u00f6slang<\/strong>&nbsp;eine Licht- und Sound-Installation in der Zigerlih\u00fctte an der Bucherstrasse in 9322 Egnach.<br>Die durchl\u00e4ssige Bauweise der Zigerlih\u00fctte l\u00e4sst das gr\u00fcne Neonlicht aus dem Innern erstrahlen und der dumpfe Sound der Transformatoren dringt nach aussen in die Stille der Nacht. Alles was drinnen passiert, kann von aussen wahrgenommen werden. Die Grenzen von innen und aussen verschwimmen. Die Zigerlih\u00fctte interagiert st\u00e4ndig mit der Umwelt!<\/p>\n\n\n\n<p><strong>Vernissage \u2013 Auftakt der Dauerausstellung<\/strong><br>Der Auftakt der Dauerausstellung beginnt mit einer Vernissage am&nbsp;<strong>Freitag, 31. Oktober 2025, um 19 Uhr<\/strong>. Neben den beiden K\u00fcnstlern wird auch&nbsp;<strong>Roland W\u00e4spe&nbsp;<\/strong>anwesend sein. Als ehemaliger, langj\u00e4hriger Direktor des Kunstmuseums St. Gallen und profunder Kenner kultureller Zusammenh\u00e4nge wird er mit seinen einf\u00fchrenden Worten spannende Perspektiven zum Ausstellungsthema&nbsp;<strong>\u00abDURCHL\u00c4SSIG\u00bb<\/strong>&nbsp;aufzeigen und den Abend bereichern.<\/p>\n\n\n\n<p><strong>Weitere Formate der Ausstellung<\/strong><br>Die Kunstausstellung&nbsp;<strong>\u00abDURCHL\u00c4SSIG\u00bb<\/strong>&nbsp;findet vom 31. Oktober &#8211; 30. November 2025 statt und besteht aus verschiedenen Veranstaltungsformaten. Damit m\u00f6chten wir zeigen, wie bereichernd und vielf\u00e4ltig ein Kunstprojekt sein kann und immer wieder zu neuen Begegnungen einl\u00e4dt:<\/p>\n\n\n\n<ul><li><strong>Vernissage mit den K\u00fcnstlern:<\/strong>&nbsp;Freitag,&nbsp;<strong>31. Oktober 2025<\/strong>, um&nbsp;<strong>19 Uhr<\/strong><\/li><li><strong>Aussenbesichtigung:<\/strong>&nbsp;t\u00e4glich vom&nbsp;<strong>31. Oktober bis 30. November<\/strong>, jeweils von&nbsp;<strong>18 bis 23 Uhr<\/strong><\/li><li><strong>Open Doors:<\/strong>&nbsp;freitags am&nbsp;<strong>7., 14., 21. und 28. November<\/strong>, jeweils von&nbsp;<strong>19 bis 21 Uhr<\/strong>&nbsp;\u2013 \u00e4s git heissi Marroni<\/li><li><strong>Finissage mit den K\u00fcnstlern:<\/strong>&nbsp;Sonntag,&nbsp;<strong>30. November 2025<\/strong>, um&nbsp;<strong>19 Uhr<\/strong><\/li><\/ul>\n\n\n\n<p><strong>Wo: Zigerlih\u00fctte, vis \u00e0 vis Stiftung Egnach (Bucherstrasse 4), 9322 Egnach<\/strong><br>Der Eintritt ist zu allen Veranstaltungen frei, es gibt eine Kollekte. Eine Anmeldung ist nicht erforderlich. Da die Zigerlih\u00fctte nicht beheizt ist, empfehlen wir feste Schuhe und warme Kleidung!<\/p>\n\n\n\n<p><\/p>\n\n\n\n<blockquote class=\"wp-block-quote\"><p><strong><a rel=\"noreferrer noopener\" href=\"https:\/\/www.tagblatt.ch\/kultur\/neonlicht-ist-erotisch-der-cheftechniker-des-kunstmuseums-stgallen-ist-fasziniert-von-den-leuchtroehren-ld.1108412\" target=\"_blank\">Urs Burger<\/a><\/strong>, geboren 1958, arbeitet mit Neonlicht, einer Technik, die mehr und mehr von g\u00fcnstigerer LED-Beleuchtung abgel\u00f6st wird. Waren noch in den 1990er Jahren St\u00e4dte wie Las Vegas oder Hongkong voll von den leuchtenden Reklamen, und selbst Dancings und Bars im Hinterthurgau verliehen sich mit den kunstvollen Schriftz\u00fcgen einen Hauch des Mond\u00e4nen, so sind Neon-Schriften heute schon zu einer nostalgischen Seltenheit mit Sammlerwert geworden. In Kombination mit Eisen, Aluminium und Plexiglas stellt Urs Burger Reliefs und Skulpturen her, welche dieses retrofuturistische Licht in Szene setzen. Das spannende daran ist auch, dass Neonsysteme gleichzeitig Skulptur und Lichtquelle sind, und somit einen Raum massgeblich ver\u00e4ndern.<\/p><p><strong><a rel=\"noreferrer noopener\" href=\"https:\/\/www.moeslang.com\" target=\"_blank\">Norbert M\u00f6slang<\/a><\/strong>, wurde 1952 in St. Gallen geboren. Fr\u00fch schon etablierte er sich als Musiker, Komponist und Klangerfinder. Bekannt wurde er mit seiner \u00abNoise-Musik\u00bb, die er zusammen mit Andy Guhl als Duo Voice Crack ab 1972 w\u00e4hrend ganzen dreissig Jahren inszenierte. Dabei verwendete er billige Konsumelektronik \u2013 Taschenlampen, Telefone, einfache Schaltungen \u2013 der er erstaunliche und bisweilen sehr poetische Ger\u00e4usche entlockte. Dieses Konzept des \u00abHardware Hacking\u00bb wurde in der letzten Dekade bekannt und M\u00f6slang gilt international als dessen Pionier. Neben Auftritten in Japan und den USA bespielte er 2001 an der Biennale von Venedig mit einer Klanginstallation die Kirche Santa Stae. F\u00fcr seine Arbeit als Filmkomponist wurde er bereits mehrfach ausgezeichnet, darunter 2010 mit dem Swiss Film Award f\u00fcr Beste Filmmusik und 2011 mit dem Cinema Eye Award New York, beide f\u00fcr den Dokumentarfilm \u00abDas Summen der Insekten\u00bb von Peter Liechti.<\/p><\/blockquote>\n\n\n\n<p><strong>Einladung zum Mitmachen und Weitererz\u00e4hlen<\/strong><br>Dieses Projekt zeigt, wie bereichernd und inspirierend ein so vielf\u00e4ltiges Kunstprojekt sein kann. Erz\u00e4hlt gerne auch Familie, Freunden und Bekannten von&nbsp;<strong>\u00abDURCHL\u00c4SSIG\u00bb<\/strong>, damit m\u00f6glichst viele die Gelegenheit haben, diese besondere Installation mitzuerleben.&nbsp;Wir freuen uns auf Euer Kommen \u2013 und sind gespannt, wie Ihr die Atmosph\u00e4re und die sinnliche Wirkung der Installation wahrnehmt.<\/p>\n\n\n\n<p><strong>Auf eine \u00abdurch und durch l\u00e4ssige\u00bb Zeit bei der Wanderb\u00fchne Egnach!<\/strong><\/p>\n\n\n\n<p><strong><a href=\"https:\/\/wanderbuehne.ch\/?page_id=5033\" data-type=\"page\" data-id=\"5033\">Fotostrecke \u00abDURCHL\u00c4SSIG\u00bb<\/a><\/strong><\/p>\n\n\n\n<p><a href=\"https:\/\/thurgaukultur.ch\/magazin\/eine-huette-mit-ausstrahlung-6282\" target=\"_blank\" rel=\"noreferrer noopener\">&#8211;&gt; zum Beitrag bei Thurgaukultur.ch<\/a><\/p>\n","protected":false},"excerpt":{"rendered":"<p>Kunstausstellung: 31. Oktober &#8211; 30. November 2025, Zigerlih\u00fctte in 9322 Egnach Wir freuen uns sehr, Euch zu unserer n\u00e4chsten Veranstaltung einzuladen Unter dem Motto \u00abDURCHL\u00c4SSIG\u00bb zeigen&nbsp;Urs Burger und Norbert M\u00f6slang&nbsp;eine Licht- und Sound-Installation in der Zigerlih\u00fctte an der Bucherstrasse in 9322 Egnach.Die durchl\u00e4ssige Bauweise der Zigerlih\u00fctte l\u00e4sst das gr\u00fcne Neonlicht aus dem Innern erstrahlen und&#8230;<\/p>\n<p class=\"more-link\"><a href=\"https:\/\/wanderbuehne.ch\/?page_id=4599\" class=\"\"><span>Read More<\/span><i>&#43;<\/i><\/a><\/p>\n","protected":false},"author":2,"featured_media":0,"parent":0,"menu_order":0,"comment_status":"closed","ping_status":"closed","template":"","meta":[],"categories":[],"tags":[],"_links":{"self":[{"href":"https:\/\/wanderbuehne.ch\/index.php?rest_route=\/wp\/v2\/pages\/4599"}],"collection":[{"href":"https:\/\/wanderbuehne.ch\/index.php?rest_route=\/wp\/v2\/pages"}],"about":[{"href":"https:\/\/wanderbuehne.ch\/index.php?rest_route=\/wp\/v2\/types\/page"}],"author":[{"embeddable":true,"href":"https:\/\/wanderbuehne.ch\/index.php?rest_route=\/wp\/v2\/users\/2"}],"replies":[{"embeddable":true,"href":"https:\/\/wanderbuehne.ch\/index.php?rest_route=%2Fwp%2Fv2%2Fcomments&post=4599"}],"version-history":[{"count":50,"href":"https:\/\/wanderbuehne.ch\/index.php?rest_route=\/wp\/v2\/pages\/4599\/revisions"}],"predecessor-version":[{"id":5045,"href":"https:\/\/wanderbuehne.ch\/index.php?rest_route=\/wp\/v2\/pages\/4599\/revisions\/5045"}],"wp:attachment":[{"href":"https:\/\/wanderbuehne.ch\/index.php?rest_route=%2Fwp%2Fv2%2Fmedia&parent=4599"}],"wp:term":[{"taxonomy":"category","embeddable":true,"href":"https:\/\/wanderbuehne.ch\/index.php?rest_route=%2Fwp%2Fv2%2Fcategories&post=4599"},{"taxonomy":"post_tag","embeddable":true,"href":"https:\/\/wanderbuehne.ch\/index.php?rest_route=%2Fwp%2Fv2%2Ftags&post=4599"}],"curies":[{"name":"wp","href":"https:\/\/api.w.org\/{rel}","templated":true}]}}